5*h + 25 = 0. Let j(t) be the third derivative of x*t - 1/20*t**5 - 3*t**2 + 1/6*t**3 + 0 + 0*t**4. Give j(1).
-2
Let s be 7/28*12 + 3*1. Let m(b) = b - 3. Give m(s).
3
Let m(t) = t**3 + 6*t**2 + 6*t + 4. Suppose 4*r = -5*f + 76, -4*f - 5*r = -6 - 62. Suppose -12 = -2*z + 5*z + 4*p, 3*z - 4*p + f = 0. Determine m(z).
12
Let i(d) = 15*d**3 - 5*d**2 + 7*d - 21. Let p(a) = 5 + 8 - 2 + 2*a**2 - 3*a - 1 - 7*a**3. Let b(s) = 6*i(s) + 13*p(s). What is b(-3)?
-14
Let w(c) be the third derivative of -c**5/30 - 2*c**3/3 + 3*c**2. Let t(x) = -2*x**2 - x - 3. Let m(b) = -3*t(b) + 2*w(b). Determine m(-2).
3
Let f(v) = v + 3. Suppose 0 = -u - 4*h - 0*h - 11, h + 2 = 0. Let w = -1 + u. What is f(w)?
-1
Let a(v) = 6*v**3 - v**2 + 1. Suppose 3 - 19 = 4*c + 4*h, 0 = -3*c + 4*h + 23. What is a(c)?
6
Let b(r) = -3*r - 44. Let x(g) = -g + 3*g - 3*g - 15 + 0*g. Let v(q) = 6*b(q) - 17*x(q). What is v(-6)?
-3
Suppose 0*f + 2*f = 14. Let v = 5 - f. Let j(m) = m + 0*m - m**2 + 0*m**2. Calculate j(v).
-6
Let p(y) = y**2 - 5 + 6 + 6*y + 3. Let h(n) = n**3 + 5*n**2 + 2*n + 7. Let m be h(-5). Determine p(m).
-5
Let w(m) = -m + 9. Let z(f) = -f + 10. Suppose 8 = 4*t + 28. Let k(p) = t*z(p) + 6*w(p). What is k(2)?
2
Let j(v) be the first derivative of 3*v**2 - v - 1. Suppose -w + 1 - 4 = 4*z, -12 = 4*w - 4*z. Let f be 0 - (-2 + -1)/w. Calculate j(f).
-7
Let o be (-1 + -3 + 5)*1. Let u(v) = -3*v**2 - 2*v + 11. Let h(z) = z**2 + z - 1. Let a(b) = o*u(b) + 2*h(b). Give a(0).
9
Let a(d) = -3*d + 1. Let j = 14 - 17. Suppose 4*t = 5*t. Let u = t + j. Determine a(u).
10
Suppose -5*f = -5*o + o + 11, -f + 21 = 5*o. Let d = -3 + f. Let j(z) = -z - 4. Let i(g) = 1. Let l(t) = 2*i(t) + j(t). Determine l(d).
0
Let a(w) = -2*w + 7. Let y be a(6). Let m(n) = -n**3 - 6*n**2 - 8*n - 3. Determine m(y).
12
Let y(d) = d**2 + d + 3. Let h be y(0). Let f(r) be the second derivative of r**2 + 1/6*r**h + r + 0. What is f(-5)?
-3
Let n(q) = -7*q. Suppose -3*f - 2*i + 6 = -7, 0 = i - 5. Give n(f).
-7
Let y(m) = 4*m**2 - 8*m + 28. Let i(o) = o**2 - 3*o + 9. Let s(q) = 7*i(q) - 2*y(q). Suppose -2*v + 2*c = -3*c + 30, 4*v + 28 = 2*c. Calculate s(v).
7
Let h be 9*(-2)/(-5)*(-40)/48. Let s(t) = 5*t + 3. Let l(b) = 4*b + 3. Let m(k) = 6*l(k) - 5*s(k). What is m(h)?
6
Let o(r) be the first derivative of -r**5/12 + r**4/24 - r**3/6 + 9*r**2/2 - 6. Let m(a) be the second derivative of o(a). Calculate m(1).
-5
Let t(w) = w**3 - 2*w**2 - 5*w + 2. Let v be (8 - 6)*3/2. Calculate t(v).
-4
Let y = 102 + -97. Let o(m) = m + 2. Give o(y).
7
Suppose 0 = 3*f - 4*z + 5, 4*f + 1 = -5*z + 15. Let s(w) = 4*w. Determine s(f).
4
Let m = 62 + -61. Let d(p) = 12*p - 15. Let n(a) = -a + 1. Let q(z) = -4*d(z) - 60*n(z). What is q(m)?
12
Let w(r) = 6*r + 4. Let d(p) = -7*p - 3. Let y(f) = 5*d(f) + 6*w(f). Give y(-9).
0
Suppose 18 = y - 3*y + 5*s, -s - 18 = 5*y. Let x = -11 - -14. Let o(r) = 3 - 2*r + x*r**2 + r**3 - 5 - 2*r - r. Give o(y).
2
Let i(b) be the third derivative of -b**4/6 - b**3/3 - 20*b**2. Determine i(-4).
14
Let y(h) = 871*h. Let j(v) be the second derivative of -5*v**3/2 - 9*v. Let r(i) = 117*j(i) + 2*y(i). Determine r(1).
-13
Let b be 5/(-2)*1*-2. Let q(u) = -u**2 - 3*u - 3. Let j be q(-2). Let k(v) = -3*v - 14. Let w(s) = -s - 1. Let l(o) = j*k(o) + 4*w(o). Determine l(b).
5
Let s(h) = -2*h**3 + 6*h - 1. Let w = 3 - 1. Let i(d) = -d**3 + d + 0*d - w*d. Let b(x) = -6*i(x) - s(x). What is b(1)?
9
Suppose y = 2*v + 7, y + 4*y = -3*v + 22. Suppose -6 = -s - s + t, -y*s = 5*t - 15. Let w(p) = p**3 - 4*p**2 + 4*p - 4. Give w(s).
-1
Let g(y) be the first derivative of -y**4/4 - 2*y**3 + 3*y**2 - 4*y + 27. Give g(-7).
3
Let s = -2 + 3. Let z(x) be the second derivative of -1/2*x**2 + x - 1/3*x**3 + 0. What is z(s)?
-3
Let c(o) = -1 - 7*o**2 + o + 6*o**2 - 4*o**2 - 2*o. Give c(-1).
-5
Let h be (1/(-2))/((-2)/20). Let n(m) = 0*m - 4*m + m**2 + 1 - 4*m + 6. What is n(h)?
-8
Let c(p) = p + 4. Let x be c(-4). Let w(l) = l**2 - l + 2. Let r(b) = -7*b**2 + 7*b - 12. Let v(n) = r(n) + 6*w(n). Determine v(x).
0
Let j(n) = 1. Let k(l) = -2*l**3 + 3*l**2 - 2*l + 6. Let q(m) = -4*j(m) + k(m). What is q(2)?
-6
Let w be (-258)/(-15) + (-2)/10. Let j = -12 + w. Let i(f) = -2*f + 3. What is i(j)?
-7
Let t(f) = 2*f**3 + 4*f**2 + 2*f - 2. Let d = -14 + 6. Let a(m) = m**3 - 5*m**2 - 6*m + 6. Let y be a(6). Let u = d + y. Determine t(u).
-6
Let s be (-3)/((12/5)/(-4)). Suppose 8*g = -2*i + 5*g - 22, 4*i = s*g. Let r(v) = -2*v. What is r(i)?
10
Suppose -5*v + 4 + 6 = 0. Let x(b) = 0*b - b**2 - 1 - v + b - 5*b. Calculate x(-3).
0
Let s(k) = 2*k**3 + 3*k**2 + 3*k + 2. Suppose -40 = -0*z + 5*z. Let j = z + 6. What is s(j)?
-8
Let p(f) = 15*f**2 + 9*f + 11. Suppose 0 = -5*v - 2 + 32. Let h(i) = 6 + 8*i**2 + 3*i + 0*i - 2*i + 4*i. Let w(q) = v*p(q) - 11*h(q). Give w(-1).
3
Suppose 3*a = -21 + 6. Let b(p) = -2*p + 9. Let u(t) = t - 5. Let y(k) = a*u(k) - 2*b(k). Calculate y(-5).
12
Let r(u) be the first derivative of -u**4/4 + 7*u**3/3 - 5*u**2/2 - 5*u + 21. Determine r(6).
1
Let h(x) = x**2 - 7*x + 4. Let d be (-4)/6*30/(-4). Let p(i) = -i**2 + 7*i - 7. Let n be p(d). Suppose 0 = 2*o - 4*v - 30, v - 10 = n*v. Give h(o).
-6
Let l(w) = w**2 - 6*w + 4. Let f be l(7). Let y = f - 7. Suppose -s + 11 = 4*v, s + 1 = y*v - 4. Let z(u) = u**3 - 3*u**2 - 3*u + 3. Give z(v).
-7
Suppose -c + 10 = 5*o + 4*c, 5*c + 44 = 4*o. Let q(k) be the first derivative of k**3/3 - 3*k**2 + 4*k - 3. Give q(o).
4
Let k(p) = 2*p - 1. Let y be k(-1). Let n(t) be the second derivative of t**4/24 - t**3/6 + 3*t**2/2 - 4*t. Let h(l) be the first derivative of n(l). Give h(y).
-4
Let a(t) = t**3 - 4*t**2 - 4*t - 7. Suppose 0 = -4*b - 7 - 1, -4*b + 25 = 3*u. Let x = 16 - u. Determine a(x).
-2
Let f(x) = -x**2. Let u(g) = -4*g**2 - 8*g + 2. Let o(k) = k**2 + k. Let q(l) = 3*o(l) + u(l). Let y(d) = -2*f(d) + q(d). Let p = 2 - -2. Calculate y(p).
-2
Let d(g) = -g**3 - g**2 + g + 4. Suppose 0 = 2*y + 3*y. Calculate d(y).
4
Let n(b) = -b**2 + b - 1. Let t(y) = 10*y**2 - 10*y + 10. Let c(z) = -8*n(z) - t(z). Let m = -4 - -6. Give c(m).
-6
Let v(b) be the third derivative of -1/120*b**6 + 0*b**4 + 1/60*b**5 - 3*b**2 + 0*b + 3/2*b**3 + 0. Suppose 0 = -2*r + 7*r. Determine v(r).
9
Let b be (-102)/(-27) - 4/(-18). Suppose -4*n - b = -12. Let i(m) = n + 3*m**2 - 2*m + 2 - 1 + 0*m**2. Give i(2).
11
Let j(b) = 12*b**2 - b. Suppose -6 = -4*g - 5*d, -3*d + 1 = -g - 6. Give j(g).
13
Let z be 2/(-5) + 81/15. Let c(u) be the second derivative of -u**5/20 + u**4/3 + 5*u**3/6 + 5*u**2/2 - 11*u. What is c(z)?
5
Let s(r) = r**3 - 6*r**2 + 6*r - 4. Let f(n) = n**3 - 6*n**2 + n - 2. Let p be f(6). What is s(p)?
-12
Suppose -x + 2*j - 4 = 0, 5*x - 4*j + 16 = -4. Let h(q) = -q. Give h(x).
4
Suppose -3*a + 3*m = -6, -3*a - 4*m + 4 + 23 = 0. Let n be 2/(-7) + (-135)/(-7). Let k(b) = b**3 - 1 + n*b**2 - 25*b**2 + 3*b + 2. What is k(a)?
-9
Let k(g) = g**3 + 4*g**2 + g + 2. Let c be k(-4). Let s(m) = -m**3 + m - 1. Determine s(c).
5
Let f(j) = j + 3. Suppose 5 - 10 = s. Let x(r) = r + 4. Let m(z) = s*f(z) + 4*x(z). Suppose -3*k + 3 + 0 = 0. Determine m(k).
0
Let q = 18 - 53/3. Let l(n) be the third derivative of q*n**3 - 1/60*n**5 + 2*n**2 - 1/120*n**6 + 1/6*n**4 + 0*n + 0. Determine l(-3).
8
Suppose 3 = 2*t - 1. Suppose m - 6*m = 0. Suppose -24 = t*c + 2*c - l, m = -2*l. Let p(k) = -2*k - 9. What is p(c)?
3
Suppose 5*m = v + 9, 0 = -2*v - 5*m + 2 - 5. Let w(k) = k**2 + 7*k + 6. Give w(v).
-6
Let h(p) be the first derivative of -p**3/6 - p**2/2 - p - 3. Let o(v) be the first derivative of h(v). Determine o(6).
-7
Let z be (-6)/10 + (-410)/(-600). Let x(i) be the second derivative of -2*i + z*i**4 + 0 + i**3 + 1/2*i**2. What is x(-5)?
-4
Let v(l) = l**2 + 1. Let a be v(2). Let y = 2 - a. Let f(n) = -n**3 - n**2 + 4*n. Determine f(y).
6
Suppose 23 = 5*h - 12. Let j(s) = 3*s + 2 + 2 - h - s. Give j(2).
1
Suppose 2*h = -n + 6 + 1, -6 = -h + 2*n. Let d(l) = -l - 1. Let u(o) = o + 2. Let c(g) = -5*d(g) - 3*u(g). What is c(h)?
7
Let z(w) be the first derivative of w**2 - 7. Determine z(3).
6
Let z(w) = -w**2 + 6*w - 7. Let c be (6 - 8/2) + 3. Calculate z(c).
-2
Let v(y) = 12 + 0*y + y + 0 - 6. What is v(0)?
6
Let r(l) = 2*l**2 + l + 1. Let k(u) = u**2 + u - 5. Let n be k(4). Suppose 2*p - 12 = y, p - 3*y = 2*